{"id":1634,"date":"2022-09-04T09:48:05","date_gmt":"2022-09-04T07:48:05","guid":{"rendered":"https:\/\/akti.ch\/?post_type=tribe_events&#038;p=1634"},"modified":"2023-03-30T13:52:38","modified_gmt":"2023-03-30T11:52:38","slug":"et-nous-ici-plus-heureux-encore","status":"publish","type":"tribe_events","link":"https:\/\/akti.ch\/fr\/event\/et-nous-ici-plus-heureux-encore","title":{"rendered":"Et nous, ici, plus heureux encore&#8230;"},"content":{"rendered":"<p><img loading=\"lazy\" decoding=\"async\" class=\"alignnone wp-image-1924\" src=\"https:\/\/akti.ch\/wp-content\/uploads\/2022\/09\/etnousici4-724x1024.jpg\" alt=\"\" width=\"440\" height=\"622\" \/>     <img loading=\"lazy\" decoding=\"async\" src=\"https:\/\/akti.ch\/wp-content\/uploads\/2022\/09\/etnousici2_verso-724x1024.jpg\" alt=\"\" width=\"440\" height=\"622\" class=\"alignnone size-large wp-image-1961\" srcset=\"https:\/\/akti.ch\/wp-content\/uploads\/2022\/09\/etnousici2_verso-724x1024.jpg 724w, https:\/\/akti.ch\/wp-content\/uploads\/2022\/09\/etnousici2_verso-212x300.jpg 212w, https:\/\/akti.ch\/wp-content\/uploads\/2022\/09\/etnousici2_verso-768x1086.jpg 768w, https:\/\/akti.ch\/wp-content\/uploads\/2022\/09\/etnousici2_verso-1086x1536.jpg 1086w, https:\/\/akti.ch\/wp-content\/uploads\/2022\/09\/etnousici2_verso-1448x2048.jpg 1448w, https:\/\/akti.ch\/wp-content\/uploads\/2022\/09\/etnousici2_verso-scaled.jpg 1810w\" sizes=\"auto, (max-width: 440px) 100vw, 440px\" \/><\/p>\n<p><strong>Spectacle tout public et concert de musique grecque<\/strong><\/p>\n<p>\u00c0 travers deux contes, la musique grecque fait entendre ses m\u00e9lodies et ses cadences : cordes pinc\u00e9es, sonorit\u00e9s orientales, rythmes entra\u00eenants\u2026 C\u2019est la lumi\u00e8re de la Gr\u00e8ce que l\u2019on voit et que l\u2019on entend !<\/p>\n<p><strong>15h00 &#8211; Ouverture billetterie et buvette<\/strong><\/p>\n<p><button type='button' onclick='window.open(\"\/\/etickets.infomaniak.com\/shop\/xkAJIjJaiQ\/\",\"_blank\")'>ACHATS DE BILLETS<\/button>\u00a0 &#8211; billets sur place selon places disponibles (paiements Twint ou cash uniquement).<\/p>\n<p>Des mezzes et des vins grecs seront disponibles \u00e0 la buvette avant et apr\u00e8s le spectacle et le concert.<\/p>\n<p><strong>16h00 &#8211; Spectacle de contes grecs<\/strong> <strong>\u00ab\u00a0Et nous ici, plus heureux encore\u00a0\u00bb <\/strong>(en fran\u00e7ais)<br \/>\nLa compagnie \u00ab\u00a0Un nuage en pantalon\u00a0\u00bb vous propose un voyage en Gr\u00e8ce, plein de couleurs, de m\u00e9lodies et de rythmes venus de l\u00e0-bas. Un spectacle th\u00e9\u00e2tral et musical, pour les enfants, leurs parents et leurs grands-parents.<\/p>\n<p><a href=\"https:\/\/akti.ch\/wp-content\/uploads\/2022\/09\/Description-spectacle.pdf\" target=\"_blank\" rel=\"noopener\">Description spectacle contes<\/a><\/p>\n<p><strong>17h30 &#8211; Concert de musique grecque<\/strong><br \/>\nConcert de musique grecque (la\u03cako et r\u00e9b\u00e9tika) par le groupe \u00ab\u00a0O Sakaflias\u00a0\u00bb o\u00f9 les spectateurs pourront danser.<\/p>\n<p><strong>19h00 &#8211; Fin de la manifestation<\/strong><\/p>\n<p><button type='button' onclick='window.open(\"\/\/etickets.infomaniak.com\/shop\/xkAJIjJaiQ\/\",\"_blank\")'>ACHATS DE BILLETS<\/button><\/p>\n","protected":false},"excerpt":{"rendered":"<p>Spectacle tout public et concert de musique grecque \u00c0 travers deux contes, la musique grecque fait entendre ses m\u00e9lodies et ses cadences : cordes pinc\u00e9es,&hellip; <\/p>\n","protected":false},"author":6,"featured_media":0,"template":"","meta":{"_tribe_events_status":"","_tribe_events_status_reason":"","footnotes":""},"tags":[],"tribe_events_cat":[31],"class_list":["post-1634","tribe_events","type-tribe_events","status-publish","hentry","tribe_events_cat-evenements-akti","cat_evenements-akti"],"jetpack_sharing_enabled":true,"_links":{"self":[{"href":"https:\/\/akti.ch\/fr\/wp-json\/wp\/v2\/tribe_events\/1634","targetHints":{"allow":["GET"]}}],"collection":[{"href":"https:\/\/akti.ch\/fr\/wp-json\/wp\/v2\/tribe_events"}],"about":[{"href":"https:\/\/akti.ch\/fr\/wp-json\/wp\/v2\/types\/tribe_events"}],"author":[{"embeddable":true,"href":"https:\/\/akti.ch\/fr\/wp-json\/wp\/v2\/users\/6"}],"version-history":[{"count":28,"href":"https:\/\/akti.ch\/fr\/wp-json\/wp\/v2\/tribe_events\/1634\/revisions"}],"predecessor-version":[{"id":1980,"href":"https:\/\/akti.ch\/fr\/wp-json\/wp\/v2\/tribe_events\/1634\/revisions\/1980"}],"wp:attachment":[{"href":"https:\/\/akti.ch\/fr\/wp-json\/wp\/v2\/media?parent=1634"}],"wp:term":[{"taxonomy":"post_tag","embeddable":true,"href":"https:\/\/akti.ch\/fr\/wp-json\/wp\/v2\/tags?post=1634"},{"taxonomy":"tribe_events_cat","embeddable":true,"href":"https:\/\/akti.ch\/fr\/wp-json\/wp\/v2\/tribe_events_cat?post=1634"}],"curies":[{"name":"wp","href":"https:\/\/api.w.org\/{rel}","templated":true}]}}

<p><img loading="lazy" decoding="async" class="alignnone wp-image-1924" src="https://akti.ch/wp-content/uploads/2022/09/etnousici4-724x1024.jpg" alt="" width="440" height="622" />     <img loading="lazy" decoding="async" src="https://akti.ch/wp-content/uploads/2022/09/etnousici2_verso-724x1024.jpg" alt="" width="440" height="622" class="alignnone size-large wp-image-1961" srcset="https://akti.ch/wp-content/uploads/2022/09/etnousici2_verso-724x1024.jpg 724w, https://akti.ch/wp-content/uploads/2022/09/etnousici2_verso-212x300.jpg 212w, https://akti.ch/wp-content/uploads/2022/09/etnousici2_verso-768x1086.jpg 768w, https://akti.ch/wp-content/uploads/2022/09/etnousici2_verso-1086x1536.jpg 1086w, https://akti.ch/wp-content/uploads/2022/09/etnousici2_verso-1448x2048.jpg 1448w, https://akti.ch/wp-content/uploads/2022/09/etnousici2_verso-scaled.jpg 1810w" sizes="auto, (max-width: 440px) 100vw, 440px" /></p>
<p><strong>Spectacle tout public et concert de musique grecque</strong></p>
<p>À travers deux contes, la musique grecque fait entendre ses mélodies et ses cadences : cordes pincées, sonorités orientales, rythmes entraînants… C’est la lumière de la Grèce que l’on voit et que l’on entend !</p>
<p><strong>15h00 &#8211; Ouverture billetterie et buvette</strong></p>
<p><button type='button' onclick='window.open("//etickets.infomaniak.com/shop/xkAJIjJaiQ/","_blank")'>ACHATS DE BILLETS</button>  &#8211; billets sur place selon places disponibles (paiements Twint ou cash uniquement).</p>
<p>Des mezzes et des vins grecs seront disponibles à la buvette avant et après le spectacle et le concert.</p>
<p><strong>16h00 &#8211; Spectacle de contes grecs</strong> <strong>« Et nous ici, plus heureux encore » </strong>(en français)<br />
La compagnie « Un nuage en pantalon » vous propose un voyage en Grèce, plein de couleurs, de mélodies et de rythmes venus de là-bas. Un spectacle théâtral et musical, pour les enfants, leurs parents et leurs grands-parents.</p>
<p><a href="https://akti.ch/wp-content/uploads/2022/09/Description-spectacle.pdf" target="_blank" rel="noopener">Description spectacle contes</a></p>
<p><strong>17h30 &#8211; Concert de musique grecque</strong><br />
Concert de musique grecque (laϊko et rébétika) par le groupe « O Sakaflias » où les spectateurs pourront danser.</p>
<p><strong>19h00 &#8211; Fin de la manifestation</strong></p>
<p><button type='button' onclick='window.open("//etickets.infomaniak.com/shop/xkAJIjJaiQ/","_blank")'>ACHATS DE BILLETS</button></p>

<p>Spectacle tout public et concert de musique grecque À travers deux contes, la musique grecque fait entendre ses mélodies et ses cadences : cordes pincées,&hellip; </p>
