{"id":3133,"date":"2025-07-05T13:52:50","date_gmt":"2025-07-05T11:52:50","guid":{"rendered":"https:\/\/akti.ch\/event\/christoygenniatiko-filanthropiko-mpazar"},"modified":"2025-10-22T23:46:55","modified_gmt":"2025-10-22T21:46:55","slug":"marche-caritatif-de-noel","status":"publish","type":"tribe_events","link":"https:\/\/akti.ch\/fr\/event\/marche-caritatif-de-noel","title":{"rendered":"March\u00e9 Caritatif de No\u00ebl"},"content":{"rendered":"<p>L\u2019association Akti a le plaisir de vous inviter au march\u00e9 caritatif de No\u00ebl qui aura lieu le <strong>dimanche 30 novembre 2025<\/strong> de 10h00 \u00e0 15h00 au\u00a0<strong>caf\u00e9 Ex Machina<\/strong> (centre-ville de Nyon).<\/p>\n<p>Les objets qui seront mis en vente comprennent des <b>d\u00e9corations de No\u00ebl<\/b>, des\u00a0<strong>g\u00e2teaux de No\u00ebl grecs<\/strong>\u00a0 (kourabiedes et melomakarona) qui seront confectionn\u00e9s pendant les\u00a0ateliers de p\u00e2tisserie qui auront lieu le 17 et le 24 novembre 2025, respectivement), ainsi que d\u2019autres produits grecs comme du miel, du rakomelo etc., des porte-bonheurs et autres.<\/p>\n<p>L\u2019entr\u00e9e au bazar est libre. Pour d\u2019\u00e9ventuels achats, il sera possible de payer via l\u2019application Twint, par carte bancaire ou en cash.<\/p>\n","protected":false},"excerpt":{"rendered":"<p>L\u2019association Akti a le plaisir de vous inviter au march\u00e9 caritatif de No\u00ebl qui aura lieu le dimanche 30 novembre 2025 de 10h00 \u00e0 15h00&hellip; <\/p>\n","protected":false},"author":6,"featured_media":3360,"template":"","meta":{"_tribe_events_status":"","_tribe_events_status_reason":"","footnotes":""},"tags":[],"tribe_events_cat":[31],"class_list":["post-3133","tribe_events","type-tribe_events","status-publish","has-post-thumbnail","hentry","tribe_events_cat-evenements-akti","cat_evenements-akti"],"jetpack_sharing_enabled":true,"_links":{"self":[{"href":"https:\/\/akti.ch\/fr\/wp-json\/wp\/v2\/tribe_events\/3133","targetHints":{"allow":["GET"]}}],"collection":[{"href":"https:\/\/akti.ch\/fr\/wp-json\/wp\/v2\/tribe_events"}],"about":[{"href":"https:\/\/akti.ch\/fr\/wp-json\/wp\/v2\/types\/tribe_events"}],"author":[{"embeddable":true,"href":"https:\/\/akti.ch\/fr\/wp-json\/wp\/v2\/users\/6"}],"version-history":[{"count":3,"href":"https:\/\/akti.ch\/fr\/wp-json\/wp\/v2\/tribe_events\/3133\/revisions"}],"predecessor-version":[{"id":3348,"href":"https:\/\/akti.ch\/fr\/wp-json\/wp\/v2\/tribe_events\/3133\/revisions\/3348"}],"wp:featuredmedia":[{"embeddable":true,"href":"https:\/\/akti.ch\/fr\/wp-json\/wp\/v2\/media\/3360"}],"wp:attachment":[{"href":"https:\/\/akti.ch\/fr\/wp-json\/wp\/v2\/media?parent=3133"}],"wp:term":[{"taxonomy":"post_tag","embeddable":true,"href":"https:\/\/akti.ch\/fr\/wp-json\/wp\/v2\/tags?post=3133"},{"taxonomy":"tribe_events_cat","embeddable":true,"href":"https:\/\/akti.ch\/fr\/wp-json\/wp\/v2\/tribe_events_cat?post=3133"}],"curies":[{"name":"wp","href":"https:\/\/api.w.org\/{rel}","templated":true}]}}

Marché Caritatif de Noël

<p>L’association Akti a le plaisir de vous inviter au marché caritatif de Noël qui aura lieu le <strong>dimanche 30 novembre 2025</strong> de 10h00 à 15h00 au <strong>café Ex Machina</strong> (centre-ville de Nyon).</p>
<p>Les objets qui seront mis en vente comprennent des <b>décorations de Noël</b>, des <strong>gâteaux de Noël grecs</strong>  (kourabiedes et melomakarona) qui seront confectionnés pendant les ateliers de pâtisserie qui auront lieu le 17 et le 24 novembre 2025, respectivement), ainsi que d’autres produits grecs comme du miel, du rakomelo etc., des porte-bonheurs et autres.</p>
<p>L’entrée au bazar est libre. Pour d’éventuels achats, il sera possible de payer via l’application Twint, par carte bancaire ou en cash.</p>

<p>L’association Akti a le plaisir de vous inviter au marché caritatif de Noël qui aura lieu le dimanche 30 novembre 2025 de 10h00 à 15h00&hellip; </p>
