{"id":3911,"date":"2026-09-03T23:07:08","date_gmt":"2026-09-03T21:07:08","guid":{"rendered":"https:\/\/akti.ch\/event\/partage-de-vassilopita-akti-2027"},"modified":"2026-09-03T23:09:19","modified_gmt":"2026-09-03T21:09:19","slug":"partage-de-vassilopita-akti-2027","status":"publish","type":"tribe_events","link":"https:\/\/akti.ch\/fr\/event\/partage-de-vassilopita-akti-2027","title":{"rendered":"Partage de \u00ab Vassilopita \u00bb Akti 2027"},"content":{"rendered":"<p>\u039dous avons le plaisir de nous convier pour le partage de la traditionnelle Vassilopita* de notre association.<\/p>\n<p>La f\u00eate aura lieu le <strong>samedi 16 janvier 2027 \u00e0 16h30<\/strong> dans la salle Alfred Cortot de la Villa Thomas, \u00e0 Nyon.<\/p>\n<p>Afin de nous permettre une organisation optimale de cet \u00e9v\u00e9nement, nous vous prions de vous inscrire jusqu\u2019au jeudi <strong>14 janvier 2027<\/strong> \u00e0 <a href=\"mailto:info@akti.ch\" target=\"_blank\" rel=\"noopener\">info@akti.ch<\/a>.<\/p>\n<p>*Vassilopita est le g\u00e2teau du Nouvel An en Gr\u00e8ce qui contient une f\u00e8ve qui porte bonheur \u00e0 celui qui la trouve (un peu comme la galette de Roi).<\/p>\n","protected":false},"excerpt":{"rendered":"<p>\u039dous avons le plaisir de nous convier pour le partage de la traditionnelle Vassilopita* de notre association. La f\u00eate aura lieu le samedi 16 janvier&hellip; <\/p>\n","protected":false},"author":6,"featured_media":1174,"template":"","meta":{"_tribe_events_status":"","_tribe_events_status_reason":"","footnotes":""},"tags":[],"tribe_events_cat":[31],"class_list":["post-3911","tribe_events","type-tribe_events","status-publish","has-post-thumbnail","hentry","tribe_events_cat-evenements-akti","cat_evenements-akti"],"jetpack_sharing_enabled":true,"_links":{"self":[{"href":"https:\/\/akti.ch\/fr\/wp-json\/wp\/v2\/tribe_events\/3911","targetHints":{"allow":["GET"]}}],"collection":[{"href":"https:\/\/akti.ch\/fr\/wp-json\/wp\/v2\/tribe_events"}],"about":[{"href":"https:\/\/akti.ch\/fr\/wp-json\/wp\/v2\/types\/tribe_events"}],"author":[{"embeddable":true,"href":"https:\/\/akti.ch\/fr\/wp-json\/wp\/v2\/users\/6"}],"version-history":[{"count":1,"href":"https:\/\/akti.ch\/fr\/wp-json\/wp\/v2\/tribe_events\/3911\/revisions"}],"predecessor-version":[{"id":3912,"href":"https:\/\/akti.ch\/fr\/wp-json\/wp\/v2\/tribe_events\/3911\/revisions\/3912"}],"wp:featuredmedia":[{"embeddable":true,"href":"https:\/\/akti.ch\/fr\/wp-json\/wp\/v2\/media\/1174"}],"wp:attachment":[{"href":"https:\/\/akti.ch\/fr\/wp-json\/wp\/v2\/media?parent=3911"}],"wp:term":[{"taxonomy":"post_tag","embeddable":true,"href":"https:\/\/akti.ch\/fr\/wp-json\/wp\/v2\/tags?post=3911"},{"taxonomy":"tribe_events_cat","embeddable":true,"href":"https:\/\/akti.ch\/fr\/wp-json\/wp\/v2\/tribe_events_cat?post=3911"}],"curies":[{"name":"wp","href":"https:\/\/api.w.org\/{rel}","templated":true}]}}

<p>Νous avons le plaisir de nous convier pour le partage de la traditionnelle Vassilopita* de notre association.</p>
<p>La fête aura lieu le <strong>samedi 16 janvier 2027 à 16h30</strong> dans la salle Alfred Cortot de la Villa Thomas, à Nyon.</p>
<p>Afin de nous permettre une organisation optimale de cet événement, nous vous prions de vous inscrire jusqu’au jeudi <strong>14 janvier 2027</strong> à <a href="mailto:info@akti.ch" target="_blank" rel="noopener">info@akti.ch</a>.</p>
<p>*Vassilopita est le gâteau du Nouvel An en Grèce qui contient une fève qui porte bonheur à celui qui la trouve (un peu comme la galette de Roi).</p>

<p>Νous avons le plaisir de nous convier pour le partage de la traditionnelle Vassilopita* de notre association. La fête aura lieu le samedi 16 janvier&hellip; </p>
